 of z?
True
Suppose 3550995 = 232*s - 8909261. Is s a multiple of 116?
True
Suppose 13339 = 23*b + 12487 - 60006. Is 7 a factor of b?
True
Suppose 263352 + 2372 = 142*o - 258540. Does 4 divide o?
True
Suppose 0 = -c + 5*s - 230, -c + 1063 = -6*c - 4*s. Let h = c + 365. Suppose -h = -27*y + 22*y. Does 6 divide y?
True
Suppose 0 = -2*k - 2 + 14. Suppose -k*l + 4*l = -94. Suppose -3*n = 4*j - 40 - 26, -3*j + l = n. Does 5 divide j?
True
Let u = 840 - 369. Is u a multiple of 38?
False
Let q = -45578 - -80082. Is 38 a factor of q?
True
Let s = -2132 + 19534. Is 11 a factor of s?
True
Suppose 8*y + 45 = 3*t + 11*y, -3*t = 2*y - 43. Suppose 299 = -12*h + t*h. Is 52 a factor of h?
False
Let c = 53 + -52. Let t(z) = -z - 7. Let g be t(c). Let n(h) = -6*h - 3. Is n(g) a multiple of 15?
True
Let f(l) = -l**3 - 5*l**2 + 34*l + 18. Let s be f(-8). Let k be (-1)/((-2)/8 + 0). Is k/(-10) + 135/(-50)*s a multiple of 21?
False
Let k = -25 + -293. Let n = k + 483. Is 55 a factor of n?
True
Let b be (67 - 68)/((-2)/72). Does 79 divide ((-316)/12)/(3/b*-2)?
True
Let v be (-6 - -4) + (-3)/3. Let k(g) = 2*g + 7. Let s be k(v). Let a = 11 + s. Does 12 divide a?
True
Suppose 4 = -3*q + 2*u + 25, -q + u = -8. Suppose -p - 114 = -q*n, 4*n + 2*p = -0*p + 80. Suppose 14*k + 264 = n*k. Is k a multiple of 11?
True
Suppose -3*b = -2043*f + 2038*f + 49833, 0 = -f - 2*b + 9964. Does 33 divide f?
True
Suppose 84*f - 126597 + 1689 = 0. Is 45 a factor of f?
False
Let v(m) = -97*m - 53. Let g be v(-7). Let y = 46 + g. Is y a multiple of 42?
True
Let t be ((-2)/(-5))/((-1752)/(-350) - 5). Let c = t + -41. Let q = c + 31. Does 10 divide q?
True
Let c = 892 - 950. Let f = c - -770. Is f a multiple of 8?
True
Let v be (-8)/10*45/(-18). Let c(o) be the second derivative of 11*o**4/12 - o**3/3 + o**2 + 41*o. Is c(v) a multiple of 12?
False
Let b be (6/(-8))/(2 - (-75)/(-40)). Let z be (-60)/16*b*(-2)/(-3). Is (-159)/(-5) + 3/z a multiple of 15?
False
Let k(l) be the second derivative of l**4/12 + 5*l**3/3 - 25*l**2 + 386*l + 1. Let r = 29 + -43. Does 3 divide k(r)?
True
Suppose 23*p + 96*p - 164736 = -37*p. Is 11 a factor of p?
True
Suppose 39*v + 978321 = 122*v. Is v a multiple of 23?
False
Let q(h) = -5116*h + 1162. Is 13 a factor of q(-16)?
True
Let m(z) = -z**3 + 44*z**2 - 41*z - 380. Is 57 a factor of m(38)?
True
Suppose -17*j + 569 = 3*s - 13*j, -361 = -2*s + j. Is 27 a factor of s?
False
Suppose -4*k - 379 = -3*c, 3*k + 48 = 4*c - 462. Let y = c + -124. Is y a multiple of 2?
False
Suppose 2*y + 3*q = 265, -y + 165 = q + 32. Suppose -y - 98 = -29*f. Is f a multiple of 3?
False
Let m be (-141)/(-27) - 3 - 2/9. Suppose 3*w - 3*t - 542 = -5*t, -3*t = m*w - 353. Is w a multiple of 8?
True
Suppose -63*i + 1052184 = -623020 + 68263. Does 160 divide i?
False
Suppose 0 = 72*u - 93*u + 43890. Does 9 divide u?
False
Suppose 35*a = 1111 + 44. Suppose 14625 = a*l + 12*l. Is l a multiple of 14?
False
Suppose 0 = -15*i + 53902 + 104273. Is 3 a factor of i?
True
Let l = 174 + -174. Does 10 divide -2 - -45 - 0/(l - -1)?
False
Let d(k) = 34*k + 1050. Is 66 a factor of d(-27)?
True
Let k = -391 + 543. Suppose -2*d = -3*s - 555, 2*d - 672 + k = -4*s. Is d a multiple of 30?
True
Suppose 10*y - a = 13876, 8*y - 3*y + 2*a - 6923 = 0. Is 2 a factor of y?
False
Suppose -56 = -j - 3*j + 4*n, -4*j - n = -36. Suppose 11*w - j*w = 0. Suppose w = -3*q - 2*v + 151, -5*q + 3*q = -4*v - 122. Is q a multiple of 4?
False
Let l = 460 + -467. Is 421 + (-16 - l - -8) a multiple of 11?
False
Suppose 1195 = 16*g - 6053. Let u = g + -264. Is 9 a factor of u?
True
Let s = 18 - 171. Suppose -4*w - 147 = q + 2*q, -q - 39 = -2*w. Let l = q - s. Does 28 divide l?
False
Let s be (-1978)/(-6) - (-70)/30. Let z = -248 + s. Is 14 a factor of z?
True
Suppose -43*w - 198*w + 3145644 = 467*w. Is 24 a factor of w?
False
Suppose -2732 = 4*a + 4020. Let t = -1128 - a. Does 20 divide t?
True
Let b = -15 - -19. Suppose -b*k + 400 = 4*s, -k + 2*k = -2*s + 96. Suppose -99 = -x + p, -x - 2*p + k = -4*p. Is x a multiple of 21?
False
Let k be (-12)/15*1925/22. Let p = k - -97. Is p a multiple of 27?
True
Let m(p) = p**3 + p**2 + p - 2. Let s be m(2). Suppose -s = 2*y - 78. Does 12 divide (2 - 1)*11/(y/108)?
True
Let h = 50 - 28. Is 32 a factor of 7051/h + (-1)/2?
True
Does 4 divide (348/(-580)*30/(-4))/(3/1672)?
True
Let o = -96 + 17. Let t = o + 86. Does 7 divide t?
True
Suppose 0 = -11*j - 3095 + 12720. Is j a multiple of 46?
False
Let f(l) = -3*l**3 + 29*l**2 + 16*l - 57. Let m be f(10). Suppose -8*i + 5*i - 4*q = -495, -i + m*q = -165. Is i a multiple of 33?
True
Suppose 0 = -5*t - 4*t - 981. Let g = 112 + t. Suppose w + 0*u = 2*u - 1, -g*w + 4*u = -5. Is w a multiple of 6?
False
Let d = -11106 - -12398. Does 17 divide d?
True
Let s be -5 + 2 + ((-2)/2 - -4). Suppose 740*a - 741*a + 168 = s. Does 38 divide a?
False
Let p = 5896 + -1918. Does 117 divide p?
True
Suppose 2*k + 116053 = 5*g, -3*g + 60541 + 9092 = -k. Is 139 a factor of g?
True
Let w = 3335 - -20785. Is w a multiple of 268?
True
Let v be ((-15)/6 - -4)*(-406)/(-3). Let m = 375 + v. Does 29 divide m?
False
Suppose 0 = -35*q + 26*q + 63. Let j(n) be the first derivative of n**3/3 + n**2 - 7*n - 2. Is j(q) a multiple of 18?
False
Suppose -189 = -19*l + 134. Suppose l*j - 34 = 187. Does 7 divide j?
False
Let a(o) = 2801*o - 78. Let g be a(2). Suppose 10*k - 1236 = g. Is 52 a factor of k?
True
Let q(g) = g + 23. Let k be q(-19). Suppose -z - 3 = -4*z, z = k*f - 11. Suppose -2*d - 454 = -4*d + 2*i, -929 = -4*d - f*i. Is 46 a factor of d?
True
Let c(b) = b**3 + 16*b**2 - 21*b - 20. Let p be c(-17). Let v = p + -34. Let g(s) = -s**3 + 13*s**2 + 18*s - 35. Is 21 a factor of g(v)?
True
Suppose 30*n - 168434 - 195886 = 0. Is n a multiple of 46?
True
Suppose 19*q - 3000 = -11*q. Does 25 divide q?
True
Let o(n) = 2*n**2 - 20*n + 16. Suppose 0 = -2*j - 202 + 186. Is 28 a factor of o(j)?
False
Suppose -2*u = -4*y - 8040, -5*u = -2*y + 2324 - 22480. Is u a multiple of 62?
False
Let c be (160/(-32))/((-5)/4). Suppose 29*a = -c*a + 8712. Does 12 divide a?
True
Let b(y) = y**3 - 13*y**2 - 22*y - 32. Let c be b(15). Let p = c - 75. Is p a multiple of 5?
False
Let u(t) = 5*t**3 - 6*t**2 - 11*t + 28. Let y be u(5). Suppose 19*g - 23*g + y = 0. Is g even?
True
Let n(d) = d - 28. Let l(g) = -g**3 + 7*g**2 - g + 4. Let r be l(7). Let a(v) = -3*v + 56. Let k(s) = r*a(s) - 7*n(s). Is 3 a factor of k(16)?
True
Suppose 12*k - 11*k - 5 = 0. Suppose -f + s = -319, -k*s + 74 = 3*f - 851. Is f a multiple of 22?
False
Suppose 0 = -4*q - 0*s - s - 134, 5*q - 4*s + 157 = 0. Is 8 a factor of (-11 - 671/q)/(4/174)?
False
Let b be -1*0/4*5/10. Suppose -w = 1, b*z = -3*z - 5*w + 307. Is z a multiple of 40?
False
Let f(j) = 35*j - 121. Let w be (35/(-15) + 1)/((-4)/15). Does 6 divide f(w)?
True
Let i = -31598 + 61309. Does 11 divide i?
True
Let n(s) = s**3 + 25*s**2 + 6*s + 21. Let d be n(-25). Let t = 307 + d. Is t a multiple of 45?
False
Suppose 3*n = s + 19493, -3*s + 15757 + 16708 = 5*n. Is 58 a factor of n?
True
Let g = 111 + -105. Is 2 a factor of ((-38)/(-6) - g)*210?
True
Let t(m) = -77 + 10*m + 72 - 29*m. Is t(-5) a multiple of 18?
True
Suppose -8*c + 1413 = -699. Suppose c = 2*p - 5*g, 502 = 4*p - g + 4*g. Is 14 a factor of p?
False
Suppose 8*x = 13*x - 10, n - 1604 = -4*x. Is 5 a factor of n?
False
Let r(s) = -29*s - 195. Let d be r(14). Let m = -331 - d. Is 15 a factor of m?
True
Is ((-6)/45 - 792/135) + 7276 a multiple of 8?
False
Let u(c) = -14*c + 127. Let w be u(-8). Let h = -13 + w. Is 11 a factor of h?
False
Let a = -1519 - -3819. Let n = -1325 + a. Is 25 a factor of n?
True
Is 27 a factor of 5444 + 160 - (0 - -15)?
True
Let n(x) = -266*x - 19. Let r be n(-6). Suppose -3*a = -5*i + r, -321 = -13*i + 12*i - 5*a. Is i a multiple of 46?
False
Suppose 5*r - 20 = -b - 4*b, 3*r - 4*b = 33. Suppose -311 = -r*o + 319. Is o even?
True
Suppose 19*m - 4172 = -3*s + 14*m, 5*s - 6968 = -m. Is s a multiple of 9?
False
Is 11 a factor of (14 + (-43)/3)*-1755?
False
Let w be (-5)/15 + ((-80)/6)/8. Is 4812/(30/5) - (w - 1) a multiple of 47?
False
Let n(y) = -921*y + 5337. Is n(-3) a multiple of 18?
True
Let w(q) = -187*q - 116. Let o be 4 + (3 - 4) + 176/(-16). Is 41 a factor of w(o)?
False
Let n(h) = 12*h + 3